{"id":3523,"date":"2018-07-18T13:37:54","date_gmt":"2018-07-18T11:37:54","guid":{"rendered":"https:\/\/art.phantom-of-light.de\/?page_id=3523"},"modified":"2023-11-16T11:10:59","modified_gmt":"2023-11-16T10:10:59","slug":"adult-2006","status":"publish","type":"page","link":"https:\/\/art.phantom-of-light.de\/?page_id=3523","title":{"rendered":"Adult &#8211; 2006"},"content":{"rendered":"\n<p>2006 habe ich mich wieder intensiver mit dem Zeichnen von Br\u00fcsten und das etwas weiter unten besch\u00e4ftigt. \ud83d\ude09 Es f\u00e4llt mir sehr schwer gleichgeformte und realistische Brustformen zu zeichnen, aber ich gebe mein Bestes.<\/p>\n\n\n\n<figure class=\"wp-block-image alignnone size-full wp-image-3529\"><img loading=\"lazy\" decoding=\"async\" width=\"482\" height=\"600\" src=\"https:\/\/art.phantom-of-light.de\/wp-content\/uploads\/20060114_600_04.jpg\" alt=\"\" class=\"wp-image-3529\"\/><figcaption class=\"wp-element-caption\">Entstanden: 14.01.2006 \u2022 Urspr\u00fcnglich eine reine Bleistiftzeichnung. Am PC bekam sie eine blaue Tonung und wurde mit dem Weichzeichnungs- und dem Radialen Weichzeichnungsfilter behandelt.<\/figcaption><\/figure>\n\n\n\n<figure class=\"wp-block-image alignnone size-full wp-image-3525\"><img loading=\"lazy\" decoding=\"async\" width=\"451\" height=\"600\" src=\"https:\/\/art.phantom-of-light.de\/wp-content\/uploads\/20060118_600_03.jpg\" alt=\"\" class=\"wp-image-3525\"\/><figcaption class=\"wp-element-caption\">Entstanden: 18.01.2006 \u2022 Wenn man in der &#8222;Schule&#8220; nichts zu tun hat, sich langweilt und die Zeit schnell umkriegen m\u00f6chte, kommt dann so etwas zustande: eine Halbnackte. \u2022 Der Kopf ist nicht zu gro\u00df. Sieht nur so aus wegen den Z\u00f6pfen. \ud83d\ude09<\/figcaption><\/figure>\n\n\n\n<figure class=\"wp-block-image alignnone size-full wp-image-3526\"><img loading=\"lazy\" decoding=\"async\" width=\"459\" height=\"600\" src=\"https:\/\/art.phantom-of-light.de\/wp-content\/uploads\/20060121_600.jpg\" alt=\"\" class=\"wp-image-3526\"\/><figcaption class=\"wp-element-caption\">Entstanden: 21.01.2006 \u2022 Br\u00fcste zeichnen \u00fcbe ich noch, deswegen so viele nackte M\u00e4dels. \ud83d\ude09 \u2022 Bleistift: : Staedtler Mars Ergosoft \u2022 Papier:: ganz doofes. \u2022 Schattierungen mit Verl\u00e4ufe waren da drauf nicht so einfach zu zeichnen *schnief*<\/figcaption><\/figure>\n\n\n\n<figure class=\"wp-block-image alignnone size-full wp-image-3527\"><img loading=\"lazy\" decoding=\"async\" width=\"502\" height=\"600\" src=\"https:\/\/art.phantom-of-light.de\/wp-content\/uploads\/20060213_600.jpg\" alt=\"\" class=\"wp-image-3527\"\/><figcaption class=\"wp-element-caption\">Entstanden: 13.02.2006, irgendwann gegen 5 Uhr morgens&#8230; konnt nicht pennen \u2022 Bearbeitung: Einsatz von 3 verschiedenen Brushes, Tonung: Sephia (in SW sieht langweilig aus), Rahmen \u2022 Entstehungsdauer:: wei\u00df nicht. Max. 30 Min. \u2022 Bearbeitungsdauer:: ca. 15 Min. \u2022 Details:: Speckf\u00e4ltchen in Taillenbereich ^-^ wirkt realistischer \u2022 Darauf bin ich stolz:: die Pose und Proportionen<\/figcaption><\/figure>\n\n\n\n<figure class=\"wp-block-image alignnone size-full wp-image-3528\"><img loading=\"lazy\" decoding=\"async\" width=\"477\" height=\"600\" src=\"https:\/\/art.phantom-of-light.de\/wp-content\/uploads\/20060326_600.jpg\" alt=\"\" class=\"wp-image-3528\"\/><figcaption class=\"wp-element-caption\">Entstanden: 26.03.2006, Bleistift \u2022 Bearbeitung: 02.06.2006, Tonung, Hintergrund und Rahmen am PC \u2022 Erstes Versuch &#8222;Lady X&#8220; zu zeichnen, eine Frau mit mehreren Piercings. \u2022 Originalformat:: etwas kleiner als A3 \u2022 Dauer:: no Idea \u2022 Inspiration:: kam im Traum<\/figcaption><\/figure>\n\n\n\n<figure class=\"wp-block-image alignnone size-full wp-image-3530\"><img loading=\"lazy\" decoding=\"async\" width=\"498\" height=\"600\" src=\"https:\/\/art.phantom-of-light.de\/wp-content\/uploads\/20061128_600.jpg\" alt=\"\" class=\"wp-image-3530\"\/><figcaption class=\"wp-element-caption\">Entstanden: 26.03.2006, Bleistift \u2022 Bearbeitung: 02.06.2006, Tonung, Hintergrund und Rahmen am PC \u2022 Erstes Versuch &#8222;Lady X&#8220; zu zeichnen, eine Frau mit mehreren Piercings. \u2022 Originalformat:: etwas kleiner als A3 \u2022 Inspiration:: kam im Traum<\/figcaption><\/figure>\n","protected":false},"excerpt":{"rendered":"<p>2006 habe ich mich wieder intensiver mit dem Zeichnen von Br\u00fcsten und das etwas weiter unten besch\u00e4ftigt. \ud83d\ude09 Es f\u00e4llt mir sehr schwer gleichgeformte und realistische Brustformen zu zeichnen, aber ich gebe mein Bestes.<\/p>\n","protected":false},"author":1,"featured_media":0,"parent":6,"menu_order":0,"comment_status":"closed","ping_status":"closed","template":"","meta":{"footnotes":""},"class_list":["post-3523","page","type-page","status-publish","hentry"],"_links":{"self":[{"href":"https:\/\/art.phantom-of-light.de\/index.php?rest_route=\/wp\/v2\/pages\/3523","targetHints":{"allow":["GET"]}}],"collection":[{"href":"https:\/\/art.phantom-of-light.de\/index.php?rest_route=\/wp\/v2\/pages"}],"about":[{"href":"https:\/\/art.phantom-of-light.de\/index.php?rest_route=\/wp\/v2\/types\/page"}],"author":[{"embeddable":true,"href":"https:\/\/art.phantom-of-light.de\/index.php?rest_route=\/wp\/v2\/users\/1"}],"replies":[{"embeddable":true,"href":"https:\/\/art.phantom-of-light.de\/index.php?rest_route=%2Fwp%2Fv2%2Fcomments&post=3523"}],"version-history":[{"count":2,"href":"https:\/\/art.phantom-of-light.de\/index.php?rest_route=\/wp\/v2\/pages\/3523\/revisions"}],"predecessor-version":[{"id":3836,"href":"https:\/\/art.phantom-of-light.de\/index.php?rest_route=\/wp\/v2\/pages\/3523\/revisions\/3836"}],"up":[{"embeddable":true,"href":"https:\/\/art.phantom-of-light.de\/index.php?rest_route=\/wp\/v2\/pages\/6"}],"wp:attachment":[{"href":"https:\/\/art.phantom-of-light.de\/index.php?rest_route=%2Fwp%2Fv2%2Fmedia&parent=3523"}],"curies":[{"name":"wp","href":"https:\/\/api.w.org\/{rel}","templated":true}]}}