{"id":3517,"date":"2018-07-18T13:19:18","date_gmt":"2018-07-18T11:19:18","guid":{"rendered":"https:\/\/art.phantom-of-light.de\/?page_id=3517"},"modified":"2023-11-16T11:10:46","modified_gmt":"2023-11-16T10:10:46","slug":"adult-2001","status":"publish","type":"page","link":"https:\/\/art.phantom-of-light.de\/?page_id=3517","title":{"rendered":"Adult &#8211; 2001"},"content":{"rendered":"\n<p>Zeichnungen 2001 und 2005 habe ich zwar viel in diese Richtung gezeichnet, aber die meisten dieser Werke m\u00f6chte ich doch lieber f\u00fcr mich behalten. (^_^)&#8220;<\/p>\n\n\n\n<figure class=\"wp-block-image alignnone size-full wp-image-3518\"><img loading=\"lazy\" decoding=\"async\" width=\"568\" height=\"600\" src=\"https:\/\/art.phantom-of-light.de\/wp-content\/uploads\/20011102_600.jpg\" alt=\"\" class=\"wp-image-3518\"\/><figcaption class=\"wp-element-caption\">Entstanden: 2001 \u2022 Bearbeitung: 2005 \u2022 Auf liniertem Papier gezeichnet&#8230;. Ich hatte damals nicht so viel Geld f\u00fcr wei\u00dfes Papier, deswegen habe ich auch \u00f6fters auf liniertem oder karriertem Papier gezeichnet.<\/figcaption><\/figure>\n\n\n\n<figure class=\"wp-block-image alignnone size-full wp-image-3519\"><img loading=\"lazy\" decoding=\"async\" width=\"537\" height=\"600\" src=\"https:\/\/art.phantom-of-light.de\/wp-content\/uploads\/20011129_600.jpg\" alt=\"\" class=\"wp-image-3519\"\/><figcaption class=\"wp-element-caption\">Entstanden: 2001, Bleistift \u2022 Bearbeitet: 2006 \u2022 Eigentlich habe ich es auf liniertem Papier gezeichnet. Mit irgendeinem Filter habe ich die Linien aber weg bekommen. \u2022 Bearbeitungszeit: : ca. 3 Stunden \u2022 Nebenher lief:: Hannibal auf RTL<\/figcaption><\/figure>\n","protected":false},"excerpt":{"rendered":"<p>Zeichnungen 2001 und 2005 habe ich zwar viel in diese Richtung gezeichnet, aber die meisten dieser Werke m\u00f6chte ich doch lieber f\u00fcr mich behalten. (^_^)&#8220;<\/p>\n","protected":false},"author":1,"featured_media":0,"parent":6,"menu_order":0,"comment_status":"closed","ping_status":"closed","template":"","meta":{"footnotes":""},"class_list":["post-3517","page","type-page","status-publish","hentry"],"_links":{"self":[{"href":"https:\/\/art.phantom-of-light.de\/index.php?rest_route=\/wp\/v2\/pages\/3517","targetHints":{"allow":["GET"]}}],"collection":[{"href":"https:\/\/art.phantom-of-light.de\/index.php?rest_route=\/wp\/v2\/pages"}],"about":[{"href":"https:\/\/art.phantom-of-light.de\/index.php?rest_route=\/wp\/v2\/types\/page"}],"author":[{"embeddable":true,"href":"https:\/\/art.phantom-of-light.de\/index.php?rest_route=\/wp\/v2\/users\/1"}],"replies":[{"embeddable":true,"href":"https:\/\/art.phantom-of-light.de\/index.php?rest_route=%2Fwp%2Fv2%2Fcomments&post=3517"}],"version-history":[{"count":2,"href":"https:\/\/art.phantom-of-light.de\/index.php?rest_route=\/wp\/v2\/pages\/3517\/revisions"}],"predecessor-version":[{"id":3834,"href":"https:\/\/art.phantom-of-light.de\/index.php?rest_route=\/wp\/v2\/pages\/3517\/revisions\/3834"}],"up":[{"embeddable":true,"href":"https:\/\/art.phantom-of-light.de\/index.php?rest_route=\/wp\/v2\/pages\/6"}],"wp:attachment":[{"href":"https:\/\/art.phantom-of-light.de\/index.php?rest_route=%2Fwp%2Fv2%2Fmedia&parent=3517"}],"curies":[{"name":"wp","href":"https:\/\/api.w.org\/{rel}","templated":true}]}}