{"id":3285,"date":"2018-07-17T21:50:12","date_gmt":"2018-07-17T19:50:12","guid":{"rendered":"https:\/\/art.phantom-of-light.de\/?page_id=3285"},"modified":"2023-11-16T11:19:27","modified_gmt":"2023-11-16T10:19:27","slug":"color-2009","status":"publish","type":"page","link":"https:\/\/art.phantom-of-light.de\/?page_id=3285","title":{"rendered":"Color &#8211; 2009"},"content":{"rendered":"\n<p>2009 habe ich mich intensiver mit der Lolita-Mode besch\u00e4ftigt und dazu auch ein paar Zeichnungen angefertigt.<\/p>\n\n\n\n<figure class=\"wp-block-image alignnone size-full wp-image-3166\"><img loading=\"lazy\" decoding=\"async\" width=\"475\" height=\"600\" src=\"https:\/\/art.phantom-of-light.de\/wp-content\/uploads\/20090102_01_600.jpg\" alt=\"\" class=\"wp-image-3166\"\/><figcaption class=\"wp-element-caption\">Entstanden am: 02,01,2009 \u2022 Outlines: Fineliner (schwarz) \u2022 Coloration: Bunstifte \u2022 Umrandung: Metallic-Stift \u2022 Hintergrund: Aquarell (Nachtr\u00e4glich am PC eingef\u00fcgt)<\/figcaption><\/figure>\n\n\n\n<figure class=\"wp-block-image alignnone size-full wp-image-3167\"><img loading=\"lazy\" decoding=\"async\" width=\"457\" height=\"600\" src=\"https:\/\/art.phantom-of-light.de\/wp-content\/uploads\/20090112_01_600.jpg\" alt=\"\" class=\"wp-image-3167\"\/><figcaption class=\"wp-element-caption\">Entstanden: 12.01.2009 \u2022 Outlines mit Bleistift \u2022 Colaration &amp; Hintergrund mit Aquarell<\/figcaption><\/figure>\n\n\n\n<figure class=\"wp-block-image alignnone size-full wp-image-3168\"><img loading=\"lazy\" decoding=\"async\" width=\"484\" height=\"600\" src=\"https:\/\/art.phantom-of-light.de\/wp-content\/uploads\/20090223_01_600.jpg\" alt=\"\" class=\"wp-image-3168\"\/><figcaption class=\"wp-element-caption\">Entstanden: 23.02.2009 \u2022 Outlines: schwarzer Fineliner \u2022 Coloration: Buntstifte \u2022 Hintergrund (rosa): am PC \u2022 Es ist ein Selbstportrait. \u2022 Morgens brauche ich ersteinmal einen Kaffee und \u00b4nen Toast ^.^ Dannach bin ich ansprechbar. \ud83d\ude09<\/figcaption><\/figure>\n\n\n\n<figure class=\"wp-block-image alignnone size-full wp-image-3170\"><img loading=\"lazy\" decoding=\"async\" width=\"447\" height=\"600\" src=\"https:\/\/art.phantom-of-light.de\/wp-content\/uploads\/20090327_01_600_02.jpg\" alt=\"\" class=\"wp-image-3170\"\/><figcaption class=\"wp-element-caption\">Entstanden: 27.03.2009 \u2022 Outlines: Gelstift \u2022 Coloration: Buntstifte \u2022 Hintergrund: \u00d6lkreiden (kann ich nicht empfehlen -_-) \u2022 Hier die Farbversion<\/figcaption><\/figure>\n\n\n\n<figure class=\"wp-block-image alignnone size-full wp-image-3512\"><img loading=\"lazy\" decoding=\"async\" width=\"441\" height=\"600\" src=\"https:\/\/art.phantom-of-light.de\/wp-content\/uploads\/20090327_02_600.jpg\" alt=\"\" class=\"wp-image-3512\"\/><figcaption class=\"wp-element-caption\">Entstanden: 27.03.2009<br>\u2022 Bearbeitung: 2010 \u2022 Outlines: schwarzer Fineliner \u2022 Coloration: Buntstife \u2022 Hintergrund: Papier aus dem Bastelladen<br>+ brushes by deviantart.com<\/figcaption><\/figure>\n\n\n\n<figure class=\"wp-block-image alignnone size-full wp-image-3171\"><img loading=\"lazy\" decoding=\"async\" width=\"410\" height=\"600\" src=\"https:\/\/art.phantom-of-light.de\/wp-content\/uploads\/20090421_600.jpg\" alt=\"\" class=\"wp-image-3171\"\/><figcaption class=\"wp-element-caption\">Titel: Beach Lady \u2022 Entstanden: 21.04.2009 \u2022 Outlines: schwarzer Fineliner \u2022 Coloration &amp; Hintergrund am Pc \u2022 F\u00fcr den Hintergrund benutzt: eigene Fotos + brushes by devinatart.com \u2022 Colorationsdauer:: ca. 2 Stunden \u2022 Musik:: Radio Schwarze Welle \u2022 Hilfsmittel: Grafiktablett<\/figcaption><\/figure>\n\n\n\n<figure class=\"wp-block-image alignnone size-full wp-image-3172\"><img loading=\"lazy\" decoding=\"async\" width=\"485\" height=\"600\" src=\"https:\/\/art.phantom-of-light.de\/wp-content\/uploads\/20090501_01_600.jpg\" alt=\"\" class=\"wp-image-3172\"\/><figcaption class=\"wp-element-caption\">Entstanden: 01.05.2009 \u2022 Outlines: Bleistift \u2022 Coloration: Aquarell \u2022 Das Bild entstand w\u00e4hrend die Realverfilmung von \u201eAlice im Wunderland\u201c im TV lief\u2026. Der Film war ziemlich langweilig umgesetzt\u2026.<\/figcaption><\/figure>\n\n\n\n<figure class=\"wp-block-image alignnone size-full wp-image-3173\"><img loading=\"lazy\" decoding=\"async\" width=\"457\" height=\"600\" src=\"https:\/\/art.phantom-of-light.de\/wp-content\/uploads\/20090628_01_600.jpg\" alt=\"\" class=\"wp-image-3173\"\/><figcaption class=\"wp-element-caption\">Entstanden: 28.06.2009 \u2022 Outlines: Fineliner \u2022 Coloration: Buntstifte \u2022 Wasser: daf\u00fcr habe ich sehr, sehr lange gebraucht \u2022 Pose: Ja, ich wei\u00df, dass man nicht auf Wasser liegen kann -_-<\/figcaption><\/figure>\n\n\n\n<figure class=\"wp-block-image alignnone size-full wp-image-3174\"><img loading=\"lazy\" decoding=\"async\" width=\"456\" height=\"600\" src=\"https:\/\/art.phantom-of-light.de\/wp-content\/uploads\/20090628_02_600.jpg\" alt=\"\" class=\"wp-image-3174\"\/><figcaption class=\"wp-element-caption\">Entstanden: 28.06.2009 \u2022 Bearbeitung: 16.06.2011 Outflines: Fineliner \u2022 Coloration: Buntstifte \u2022 Hintergrund: eigene Fotos \u00fcbereinander gelegt<\/figcaption><\/figure>\n\n\n\n<figure class=\"wp-block-image alignnone size-full wp-image-3175\"><img loading=\"lazy\" decoding=\"async\" width=\"433\" height=\"600\" src=\"https:\/\/art.phantom-of-light.de\/wp-content\/uploads\/20090719_01_600.jpg\" alt=\"\" class=\"wp-image-3175\"\/><figcaption class=\"wp-element-caption\">Entstanden: 19.07.2009 \u2022 Outflines: Fineliner \u2022 Coloration: PC (Januar 2011) \u2022 Hintergrund: eigenes Foto \u2022 Hilfsmittel Coloration: Grafiktablett \u2022 Colorationstechnik: Fl\u00e4che einf\u00e4rben. Schatten und Lichteffekte mit abdunkeln und nachbelichten.<\/figcaption><\/figure>\n\n\n\n<figure class=\"wp-block-image alignnone size-full wp-image-3177\"><img loading=\"lazy\" decoding=\"async\" width=\"436\" height=\"600\" src=\"https:\/\/art.phantom-of-light.de\/wp-content\/uploads\/20090724_02_600.jpg\" alt=\"\" class=\"wp-image-3177\"\/><figcaption class=\"wp-element-caption\">Entstanden: 24.07.2009 \u2022 Outlines: Kugelschreiber \u2022 Coloration: Buntstifte \u2022 Hintergrund am PC, Brushes by deviantart.com \u2022 Outfit:: Es handelt sich eine Ero-Lolita (Lolita Mode)<\/figcaption><\/figure>\n\n\n\n<figure class=\"wp-block-image alignnone size-full wp-image-3178\"><img loading=\"lazy\" decoding=\"async\" width=\"456\" height=\"600\" src=\"https:\/\/art.phantom-of-light.de\/wp-content\/uploads\/20090902_600.jpg\" alt=\"\" class=\"wp-image-3178\"\/><figcaption class=\"wp-element-caption\">Entstanden: 12.09.2009 \u2022 Bearbeitung: Mai 2010 \u2022 Outlines: schwarzer Fineliner \u2022 Coloration: Buntstifte \u2022 Hintergrund am PC. Brushes by deviantart.com<\/figcaption><\/figure>\n\n\n\n<figure class=\"wp-block-image alignnone size-full wp-image-3179\"><img loading=\"lazy\" decoding=\"async\" width=\"470\" height=\"600\" src=\"https:\/\/art.phantom-of-light.de\/wp-content\/uploads\/20091009_600.jpg\" alt=\"\" class=\"wp-image-3179\"\/><figcaption class=\"wp-element-caption\">Entstanden: 09.10.2009 \u2022 Bearbeitung: Juni 2010 \u2022 Outlines: Bleistift \u2022 Coloration: Aquarell \u2022 Original-Format: A4 Papier: strukturiertes Aquarellpapier \u2022 Wei\u00dfe Punkte: Brushes by deviantart.com \u2022 Nachbearbeitung: mehr Gelb hinzugegeben + mehr Farbintensit\u00e4t<\/figcaption><\/figure>\n\n\n\n<figure class=\"wp-block-image alignnone size-full wp-image-3180\"><img loading=\"lazy\" decoding=\"async\" width=\"600\" height=\"600\" src=\"https:\/\/art.phantom-of-light.de\/wp-content\/uploads\/20091026_01_600.jpg\" alt=\"\" class=\"wp-image-3180\" srcset=\"https:\/\/art.phantom-of-light.de\/wp-content\/uploads\/20091026_01_600.jpg 600w, https:\/\/art.phantom-of-light.de\/wp-content\/uploads\/20091026_01_600-200x200.jpg 200w\" sizes=\"auto, (max-width: 600px) 100vw, 600px\" \/><figcaption class=\"wp-element-caption\">Entstanden: 09.10.2009 \u2022 Bearbeitung: Juni 2010 \u2022 Outlines: Bleistift \u2022 Coloration: Aquarell \u2022 Original-Format: A4 Papier: strukturiertes Aquarellpapier \u2022 Wei\u00dfe Punkte: Brushes by deviantart.com \u2022 Nachbearbeitung: mehr Gelb hinzugegeben + mehr Farbintensit\u00e4t<\/figcaption><\/figure>\n\n\n\n<figure class=\"wp-block-image alignnone size-full wp-image-3181\"><img loading=\"lazy\" decoding=\"async\" width=\"450\" height=\"600\" src=\"https:\/\/art.phantom-of-light.de\/wp-content\/uploads\/20091118_01_600.jpg\" alt=\"\" class=\"wp-image-3181\"\/><figcaption class=\"wp-element-caption\">Entstanden: 18.11.2009 \u2022 Outlines: Bleiftift \u2022 Coloration: Aquarell \u2022 Hintergrund am PC. \u2022 In einem Bastelladen habe ich eine A4-Seite mit Noten (von www.heyda.de) in Braun-Beiget\u00f6nen gekauft. Diese habe ich eingescannt, am Pc umgef\u00e4rbt und als Hintergrund f\u00fcr diese Zeichnung verwendet. \u2022 Es handelt sich \u00fcbrigens nicht um ein Osterbild \ud83d\ude09<\/figcaption><\/figure>\n\n\n\n<figure class=\"wp-block-image alignnone size-full wp-image-3182\"><img loading=\"lazy\" decoding=\"async\" width=\"468\" height=\"600\" src=\"https:\/\/art.phantom-of-light.de\/wp-content\/uploads\/20091209_01_600.jpg\" alt=\"\" class=\"wp-image-3182\"\/><figcaption class=\"wp-element-caption\">Entstanden: 09.12.2009 \u2022 Outlines: Bleiftift Coloration: Aquarell \u2022 Hintergrund am PC umgef\u00e4brt + wei\u00dfe Schneefl\u00f6ckchen hinzugef\u00fcgt \u2022 Der Hintergrund war in Original Blau-Orange. \u2022 Das Blau war aber viel zu dunkel und das Orange wirkte zu br\u00e4unlich, deswegen habe ich es am Pc umgef\u00e4rbt. T\u00f6nung (leicht gelb): am PC Ich habe mir extra einen Block f\u00fcr Aquarellzeichnungen gekauft und musste den auch sofort ausprobieren. \u2022 Original-Format: A4 \u2022 Papier: Daler Rawney, Aquarellpapier, 300g\/m\u00b2 \u2022 Dauer: ca. 2 Stunden<\/figcaption><\/figure>\n","protected":false},"excerpt":{"rendered":"<p>2009 habe ich mich intensiver mit der Lolita-Mode besch\u00e4ftigt und dazu auch ein paar Zeichnungen angefertigt.<\/p>\n","protected":false},"author":1,"featured_media":0,"parent":6,"menu_order":0,"comment_status":"closed","ping_status":"closed","template":"","meta":{"footnotes":""},"class_list":["post-3285","page","type-page","status-publish","hentry"],"_links":{"self":[{"href":"https:\/\/art.phantom-of-light.de\/index.php?rest_route=\/wp\/v2\/pages\/3285","targetHints":{"allow":["GET"]}}],"collection":[{"href":"https:\/\/art.phantom-of-light.de\/index.php?rest_route=\/wp\/v2\/pages"}],"about":[{"href":"https:\/\/art.phantom-of-light.de\/index.php?rest_route=\/wp\/v2\/types\/page"}],"author":[{"embeddable":true,"href":"https:\/\/art.phantom-of-light.de\/index.php?rest_route=\/wp\/v2\/users\/1"}],"replies":[{"embeddable":true,"href":"https:\/\/art.phantom-of-light.de\/index.php?rest_route=%2Fwp%2Fv2%2Fcomments&post=3285"}],"version-history":[{"count":5,"href":"https:\/\/art.phantom-of-light.de\/index.php?rest_route=\/wp\/v2\/pages\/3285\/revisions"}],"predecessor-version":[{"id":3865,"href":"https:\/\/art.phantom-of-light.de\/index.php?rest_route=\/wp\/v2\/pages\/3285\/revisions\/3865"}],"up":[{"embeddable":true,"href":"https:\/\/art.phantom-of-light.de\/index.php?rest_route=\/wp\/v2\/pages\/6"}],"wp:attachment":[{"href":"https:\/\/art.phantom-of-light.de\/index.php?rest_route=%2Fwp%2Fv2%2Fmedia&parent=3285"}],"curies":[{"name":"wp","href":"https:\/\/api.w.org\/{rel}","templated":true}]}}