{"id":3160,"date":"2018-07-17T20:33:12","date_gmt":"2018-07-17T18:33:12","guid":{"rendered":"https:\/\/art.phantom-of-light.de\/?page_id=3160"},"modified":"2024-08-12T12:58:47","modified_gmt":"2024-08-12T10:58:47","slug":"fanart-gemischt","status":"publish","type":"page","link":"https:\/\/art.phantom-of-light.de\/?page_id=3160","title":{"rendered":"Fanart &#8211; Gemischt"},"content":{"rendered":"\n<h3 class=\"wp-block-heading\">Gun Smith Cats:<\/h3>\n\n\n\n<figure class=\"wp-block-image size-full\"><img loading=\"lazy\" decoding=\"async\" width=\"900\" height=\"900\" src=\"https:\/\/art.phantom-of-light.de\/wp-content\/uploads\/20231120_01_02_02_LenovoTabP12_InfinitePainter_900.jpg\" alt=\"\" class=\"wp-image-3881\" srcset=\"https:\/\/art.phantom-of-light.de\/wp-content\/uploads\/20231120_01_02_02_LenovoTabP12_InfinitePainter_900.jpg 900w, https:\/\/art.phantom-of-light.de\/wp-content\/uploads\/20231120_01_02_02_LenovoTabP12_InfinitePainter_900-700x700.jpg 700w, https:\/\/art.phantom-of-light.de\/wp-content\/uploads\/20231120_01_02_02_LenovoTabP12_InfinitePainter_900-200x200.jpg 200w\" sizes=\"auto, (max-width: 900px) 100vw, 900px\" \/><figcaption class=\"wp-element-caption\">Entstanden: 20.11.2023 \u2022 Digital Art \u2022 App: Infinite Painter \u2022 Tablet: Lenovo Tab P12 + Lenovo Tab Pen Plus  \u2022 Soll darstellen: Rally Vincent aus dem Anime Gun Smith Cats \u2022 Ich habe mich am Stil des Intros orientiert.<\/figcaption><\/figure>\n\n\n\n<figure class=\"wp-block-image size-full\"><img loading=\"lazy\" decoding=\"async\" width=\"900\" height=\"900\" src=\"https:\/\/art.phantom-of-light.de\/wp-content\/uploads\/20231120_01_03_05_LenovoTabP12_InfinitePainter_900.jpg\" alt=\"\" class=\"wp-image-3882\" srcset=\"https:\/\/art.phantom-of-light.de\/wp-content\/uploads\/20231120_01_03_05_LenovoTabP12_InfinitePainter_900.jpg 900w, https:\/\/art.phantom-of-light.de\/wp-content\/uploads\/20231120_01_03_05_LenovoTabP12_InfinitePainter_900-700x700.jpg 700w, https:\/\/art.phantom-of-light.de\/wp-content\/uploads\/20231120_01_03_05_LenovoTabP12_InfinitePainter_900-200x200.jpg 200w\" sizes=\"auto, (max-width: 900px) 100vw, 900px\" \/><figcaption class=\"wp-element-caption\">Entstanden: 20.11.2023 \u2022 Digital Art \u2022 App: Infinite Painter \u2022 Tablet: Lenovo Tab P12 + Lenovo Tab Pen Plus  \u2022 Soll darstellen: Rally Vincent aus dem Anime Gun Smith Cats \u2022 In der dieser Variante habe ich meinen eigenen Stil mit eingebracht.<\/figcaption><\/figure>\n\n\n\n<h3 class=\"wp-block-heading\">Wedding Peach:<\/h3>\n\n\n\n<figure class=\"wp-block-image alignnone size-full wp-image-3038\"><img loading=\"lazy\" decoding=\"async\" width=\"460\" height=\"600\" src=\"https:\/\/art.phantom-of-light.de\/wp-content\/uploads\/20140614_01_600.jpg\" alt=\"\" class=\"wp-image-3038\"\/><figcaption class=\"wp-element-caption\">Entstanden:14.06.2014<br>Originalformat: A4<br>Papier: Hahnem\u00fchle &#8222;Allegretto&#8220;, 14,8x21cm, 150g\/m\u00b2, rau, hochwei\u00df<br>Outlines: Faber Castell PITT artist pen Dark Sepia 175*** S (K\u00fcnstlertusche, wasserfest)<br>Coloration: Faber Castell Art Grip Aquarelle (121, 126, 132) Faber Castell Albrecht D\u00fcrer (Permanent Carmine 8200-126**)<br>Highlights: uni-ball figNO broad Pigment Ink UM-153 White<br>Neue Stifte und neues Papier, das ausprobiert werden musste. ^^<br>Zum Testen habe ich mir ein paar farbige Aquarellbuntstifte (rot, violett und haut) mitgenommen.<br>Dies ist die erste Zeichnung, die ich damit coloriert habe. Normalerweise arbeite ich mit einem Aquarellkasten.<br>Soll darstellen: Momoko aus Wedding Peach (Anime Version). Hier mit hoch gesteckten Haaren.<\/figcaption><\/figure>\n\n\n\n<figure class=\"wp-block-image alignnone size-full wp-image-3022\"><img loading=\"lazy\" decoding=\"async\" width=\"521\" height=\"600\" src=\"https:\/\/art.phantom-of-light.de\/wp-content\/uploads\/20100614_02_600.jpg\" alt=\"\" class=\"wp-image-3022\"\/><figcaption class=\"wp-element-caption\">Entstanden: 14.06.2010<br>Outlines: Kugelschreiber<br>Coloration: Aquarell<br>Bearbeitung am PC: Beschnitt, gelbliche Tonung, wei\u00dfe Punkte<br>Original-Format: A4 Papier: Aquarellpapier, 190 g\/m\u00b2<br>Beschnitt: Der untere Teil ist mir nicht so gut gelungen, deswegen habe ich ihn weggeschnitten.<br>Momoko Hanasaki\/Wedding Peach<br>Ich habe sie in der Manga-Verison gezeichnet und mich dabei an das Cover von Band 1 orientiert.<br>Die Mangas habe ich nicht gelesen. Ich kenne nur den Anime. Ich fand dass es zu wenig Bilder in dem Outfit gibt \ud83d\ude09<\/figcaption><\/figure>\n\n\n\n<h3 class=\"wp-block-heading\">Hell Girl:<\/h3>\n\n\n\n<figure class=\"wp-block-image alignnone size-full wp-image-3026\"><img loading=\"lazy\" decoding=\"async\" width=\"480\" height=\"600\" src=\"https:\/\/art.phantom-of-light.de\/wp-content\/uploads\/20110112_02_600.jpg\" alt=\"\" class=\"wp-image-3026\"\/><figcaption class=\"wp-element-caption\">Entstanden am: 12.01.2011<br>Bearbeitet am: Juni 2011<br>Outlines: Fineliner Coloration und Hintergrund: am PC<br>Hintergrund: eigene Fotos und Bastelpapier<br>Hilfsmittel: Grafiktablett (TRUST 1200-V2)<br>Soll darstellen: Ai Enma aus Hell Girl (Manga Version).<\/figcaption><\/figure>\n\n\n\n<figure class=\"wp-block-image alignnone size-full wp-image-3025\"><img loading=\"lazy\" decoding=\"async\" width=\"460\" height=\"600\" src=\"https:\/\/art.phantom-of-light.de\/wp-content\/uploads\/20110112_01_600.jpg\" alt=\"\" class=\"wp-image-3025\"\/><figcaption class=\"wp-element-caption\">Entstanden: 12.01.2011<br>Outflines: Fineliner &amp; Filzstift<br>Coloration: PC (M\u00e4rz 2011)<br>Eigentlich wollte ich die Zeichnung in S\/W halten, da aber so sch\u00f6n die Sonne scheint, hatte ich beim nachbearbeiten Lust auf mehr Farbe \ud83d\ude42<br>In einem Band hat Ai Enma diese Frisur. Ich habe sie hier mit einem Kleid und einem Schmetterlingsanh\u00e4nger gezeichnet. Schmetterlinge kommen auch auf den Artworks oft vor.<br>Ich habe sie schon fr\u00fcher versucht zu zeichnen, war aber nie zufrieden mit dem Ergebnis. Wenn man es einmal raus hat, dann ist es eigentlich nicht so schwer. Aber diese Haare&#8230; Jede einzelne Str\u00e4hne zeichnen finde ich anstrengend. -_-<\/figcaption><\/figure>\n\n\n\n<figure class=\"wp-block-image alignnone size-full wp-image-3024\"><img loading=\"lazy\" decoding=\"async\" width=\"444\" height=\"600\" src=\"https:\/\/art.phantom-of-light.de\/wp-content\/uploads\/20110107_01_600.jpg\" alt=\"\" class=\"wp-image-3024\"\/><figcaption class=\"wp-element-caption\">Entstanden am: 07.01.2011<br>Outlines: Kugelschreiber, blau<br>Hintergrund: am PC (brushes by deviantart.com)<br>Original-Format: A4<br>Papier: 90g\/m\u00b2, wei\u00df<br>Soll darstellen: Ai Enma (Hell Girl \/ Jigoku Sh\u014djo) (Manga Version)<br>https:\/\/de.wikipedia.org\/wiki\/Jigoku_Sh%C5%8Djo<\/figcaption><\/figure>\n\n\n\n<h3 class=\"wp-block-heading\">DearS:<\/h3>\n\n\n\n<figure class=\"wp-block-image alignnone size-full wp-image-3028\"><img loading=\"lazy\" decoding=\"async\" width=\"461\" height=\"600\" src=\"https:\/\/art.phantom-of-light.de\/wp-content\/uploads\/20110304_01_600.jpg\" alt=\"\" class=\"wp-image-3028\"\/><figcaption class=\"wp-element-caption\">Entstanden: 04.03.2011<br>Bearbeitung: November 2012<br>Outlines &amp; Schattierungen: Bleistift Coloration \/ Tonung: am PC<br>Hintergrund: am PC (brushes by deviantart.com)<br>Original-Format: A4 \u2022 Papier: 90g Druckerpapier<br>Soll darstellen: Ren aus dem Anime DearS (Ich konnte mich nicht entscheiden welchen Hintergrund ich besser finde. ^^)<\/figcaption><\/figure>\n\n\n\n<figure class=\"wp-block-image alignnone size-full wp-image-3027\"><img loading=\"lazy\" decoding=\"async\" width=\"461\" height=\"600\" src=\"https:\/\/art.phantom-of-light.de\/wp-content\/uploads\/20110304_01_600_02.jpg\" alt=\"\" class=\"wp-image-3027\"\/><figcaption class=\"wp-element-caption\">Entstanden: 04.03.2011<br>Bearbeitung: November 2012<br>Outlines &amp; Schattierungen: Bleistift<br>Coloration \/ Tonung: am PC<br>Hintergrund: am PC (eigenes Foto von rosa Bl\u00fcten)<br>Original-Format: A4<br>Papier: 90g Druckerpapier<br>Soll darstellen: Ren aus dem Anime DearS<\/figcaption><\/figure>\n\n\n\n<figure class=\"wp-block-image alignnone size-full wp-image-3020\"><img loading=\"lazy\" decoding=\"async\" width=\"477\" height=\"600\" src=\"https:\/\/art.phantom-of-light.de\/wp-content\/uploads\/20090701_01_600.jpg\" alt=\"\" class=\"wp-image-3020\"\/><figcaption class=\"wp-element-caption\">Entstanden: 01.07.2009<br>Outlines: Bleistift<br>Coloration: Aquarell, Haut mit Buntstift, Augen mit Fineliner Hintergrund am PC.<br>Fanart zu DearS. Der erste Versuch&#8230;.<\/figcaption><\/figure>\n\n\n\n<h3 class=\"wp-block-heading\">Sonstige:<\/h3>\n\n\n\n<figure class=\"wp-block-image alignnone size-full wp-image-3023\"><img loading=\"lazy\" decoding=\"async\" width=\"452\" height=\"600\" src=\"https:\/\/art.phantom-of-light.de\/wp-content\/uploads\/20100620_01_600.jpg\" alt=\"\" class=\"wp-image-3023\"\/><figcaption class=\"wp-element-caption\">Entstanden: 20.06.2010<br>Outlines: Kugelschreiber (blau)<br>Coloration: Buntstifte<br>Hintergrund: Aquarell (nachtr\u00e4glich am PC eingef\u00fcgt und umgef\u00e4rbt)<br>Soll darstellen: Akane Aikawa aus dem Anime Mahou Tsukai Tai!<\/figcaption><\/figure>\n\n\n\n<figure class=\"wp-block-image alignnone size-full wp-image-3018\"><img loading=\"lazy\" decoding=\"async\" width=\"438\" height=\"600\" src=\"https:\/\/art.phantom-of-light.de\/wp-content\/uploads\/20080715_01_600.jpg\" alt=\"\" class=\"wp-image-3018\"\/><figcaption class=\"wp-element-caption\">Enstanden am 15.07.2008<br>Outlines und Schattierung mit Kugelschreiber Tonung, Text und Hintergrund am PC.<br>Fanart zum Playstation 2-Horror-Spiel &#8222;Haunting Ground&#8220; von Capcom<\/figcaption><\/figure>\n\n\n\n<figure class=\"wp-block-image alignnone size-full wp-image-3015\"><img loading=\"lazy\" decoding=\"async\" width=\"460\" height=\"600\" src=\"https:\/\/art.phantom-of-light.de\/wp-content\/uploads\/20060626_600_02.jpg\" alt=\"\" class=\"wp-image-3015\"\/><figcaption class=\"wp-element-caption\">26.06.2006<br>Eine etwas aufwendigere Zeichnung und auch noch ein Fanart (ganz selten bei mir ^^).<br>1. Zuerst habe ich das Motiv mit dem Bleistift gezeichnet. Wir erinnern uns: ich slizziere nicht.<br>2. Outlines mit Fineliner nachzeichnen. Dabei habe ich verschiende Farben benutzt, z.B. f\u00fcr die Haare einen Braunton<br>3. Coloration mit Buntstifte<br>4. Highlights mit einem wei\u00dfen Gelstift<br>5. Umrandung des Objekts mit einem goldenen Gelstift<br>6. Blauer Stempelstift f\u00fcr Hintergrund<br>7. Eincannen<br>8. Gelber Hintergrund und Rahmen am PC.<br>Brushes by devianart.com<br>Format:: A4<br>Materialien:: Bleistift, Fineliner, Buntstifte, Gelstifte, Stempelstifte<br>Dauer:: ca. 3 Stunden<br>Nachbearbeitung:: ca. 10 Min.<\/figcaption><\/figure>\n\n\n\n<figure class=\"wp-block-image alignnone size-full wp-image-3008\"><img loading=\"lazy\" decoding=\"async\" width=\"473\" height=\"600\" src=\"https:\/\/art.phantom-of-light.de\/wp-content\/uploads\/20021111_600.jpg\" alt=\"\" class=\"wp-image-3008\"\/><figcaption class=\"wp-element-caption\">11.11.2002<br>F\u00fcller + roter Filzstift<br>Hexenkriegerin aus Warhammer<\/figcaption><\/figure>\n","protected":false},"excerpt":{"rendered":"<p>Gun Smith Cats: Wedding Peach: Hell Girl: DearS: Sonstige:<\/p>\n","protected":false},"author":1,"featured_media":0,"parent":6,"menu_order":0,"comment_status":"closed","ping_status":"closed","template":"","meta":{"footnotes":""},"class_list":["post-3160","page","type-page","status-publish","hentry"],"_links":{"self":[{"href":"https:\/\/art.phantom-of-light.de\/index.php?rest_route=\/wp\/v2\/pages\/3160","targetHints":{"allow":["GET"]}}],"collection":[{"href":"https:\/\/art.phantom-of-light.de\/index.php?rest_route=\/wp\/v2\/pages"}],"about":[{"href":"https:\/\/art.phantom-of-light.de\/index.php?rest_route=\/wp\/v2\/types\/page"}],"author":[{"embeddable":true,"href":"https:\/\/art.phantom-of-light.de\/index.php?rest_route=\/wp\/v2\/users\/1"}],"replies":[{"embeddable":true,"href":"https:\/\/art.phantom-of-light.de\/index.php?rest_route=%2Fwp%2Fv2%2Fcomments&post=3160"}],"version-history":[{"count":4,"href":"https:\/\/art.phantom-of-light.de\/index.php?rest_route=\/wp\/v2\/pages\/3160\/revisions"}],"predecessor-version":[{"id":3885,"href":"https:\/\/art.phantom-of-light.de\/index.php?rest_route=\/wp\/v2\/pages\/3160\/revisions\/3885"}],"up":[{"embeddable":true,"href":"https:\/\/art.phantom-of-light.de\/index.php?rest_route=\/wp\/v2\/pages\/6"}],"wp:attachment":[{"href":"https:\/\/art.phantom-of-light.de\/index.php?rest_route=%2Fwp%2Fv2%2Fmedia&parent=3160"}],"curies":[{"name":"wp","href":"https:\/\/api.w.org\/{rel}","templated":true}]}}